[INFO] cloning repository https://github.com/alexyer/oxide-dco
[INFO] running `Command { std: "git" "-c" "credential.helper=" "-c" "credential.helper=/workspace/cargo-home/bin/git-credential-null" "clone" "--bare" "https://github.com/alexyer/oxide-dco" "/workspace/cache/git-repos/https%3A%2F%2Fgithub.com%2Falexyer%2Foxide-dco", kill_on_drop: false }`
[INFO] [stderr] Cloning into bare repository '/workspace/cache/git-repos/https%3A%2F%2Fgithub.com%2Falexyer%2Foxide-dco'...
[INFO] running `Command { std: "git" "rev-parse" "HEAD", kill_on_drop: false }`
[INFO] [stdout] f2d3a142a459a167f4b239552d16454b447874db
[INFO] checking alexyer/oxide-dco against master#9610dfe5a9a731ced1ea4923ecbd0c57fe367898 for beta-170-4
[INFO] running `Command { std: "git" "clone" "/workspace/cache/git-repos/https%3A%2F%2Fgithub.com%2Falexyer%2Foxide-dco" "/workspace/builds/worker-4-tc1/source", kill_on_drop: false }`
[INFO] [stderr] Cloning into '/workspace/builds/worker-4-tc1/source'...
[INFO] [stderr] done.
[INFO] validating manifest of git repo https://github.com/alexyer/oxide-dco on toolchain 9610dfe5a9a731ced1ea4923ecbd0c57fe367898
[INFO] running `Command { std: CARGO_HOME="/workspace/cargo-home" RUSTUP_HOME="/workspace/rustup-home" "/workspace/cargo-home/bin/cargo" "+9610dfe5a9a731ced1ea4923ecbd0c57fe367898" "metadata" "--manifest-path" "Cargo.toml" "--no-deps", kill_on_drop: false }`
[INFO] removed /workspace/builds/worker-4-tc1/source/.cargo/config
[INFO] started tweaking git repo https://github.com/alexyer/oxide-dco
[INFO] finished tweaking git repo https://github.com/alexyer/oxide-dco
[INFO] tweaked toml for git repo https://github.com/alexyer/oxide-dco written to /workspace/builds/worker-4-tc1/source/Cargo.toml
[INFO] crate git repo https://github.com/alexyer/oxide-dco already has a lockfile, it will not be regenerated
[INFO] running `Command { std: CARGO_HOME="/workspace/cargo-home" RUSTUP_HOME="/workspace/rustup-home" "/workspace/cargo-home/bin/cargo" "+9610dfe5a9a731ced1ea4923ecbd0c57fe367898" "fetch" "--manifest-path" "Cargo.toml", kill_on_drop: false }`
[INFO] [stderr]     Updating crates.io index
[INFO] [stderr]     Updating git repository `https://github.com/stm32-rs/stm32f1xx-hal`
[INFO] [stderr]  Downloading crates ...
[INFO] [stderr]   Downloaded rtfm-core v0.3.0
[INFO] [stderr]   Downloaded eurorack-oxide-utils v0.1.4
[INFO] [stderr]   Downloaded rtfm-syntax v0.4.0
[INFO] [stderr]   Downloaded cortex-m-rtfm-macros v0.5.0
[INFO] [stderr]   Downloaded micromath v1.0.0
[INFO] [stderr]   Downloaded embedded-graphics v0.6.2
[INFO] [stderr]   Downloaded cortex-m-rtfm v0.5.1
[INFO] [stderr]   Downloaded stm32f1 v0.11.0
[INFO] [stderr]   Downloaded ssd1306 v0.3.1
[INFO] running `Command { std: "docker" "create" "-v" "/var/lib/crater-agent-workspace/builds/worker-4-tc1/target:/opt/rustwide/target:rw,Z" "-v" "/var/lib/crater-agent-workspace/builds/worker-4-tc1/source:/opt/rustwide/workdir:ro,Z" "-v" "/var/lib/crater-agent-workspace/cargo-home:/opt/rustwide/cargo-home:ro,Z" "-v" "/var/lib/crater-agent-workspace/rustup-home:/opt/rustwide/rustup-home:ro,Z" "-e" "SOURCE_DIR=/opt/rustwide/workdir" "-e" "CARGO_TARGET_DIR=/opt/rustwide/target" "-e" "CARGO_HOME=/opt/rustwide/cargo-home" "-e" "RUSTUP_HOME=/opt/rustwide/rustup-home" "-w" "/opt/rustwide/workdir" "-m" "1610612736" "--user" "0:0" "--network" "none" "ghcr.io/rust-lang/crates-build-env/linux@sha256:19e73879b68f455e41552ea35293514db52ea292d993f571636dbffedb77a1ee" "/opt/rustwide/cargo-home/bin/cargo" "+9610dfe5a9a731ced1ea4923ecbd0c57fe367898" "metadata" "--no-deps" "--format-version=1", kill_on_drop: false }`
[INFO] [stdout] f74b7b25215eb6d4eedfd69926b265b50590dd53cf4e061ea971323a9de2eca9
[INFO] running `Command { std: "docker" "start" "-a" "f74b7b25215eb6d4eedfd69926b265b50590dd53cf4e061ea971323a9de2eca9", kill_on_drop: false }`
[INFO] running `Command { std: "docker" "inspect" "f74b7b25215eb6d4eedfd69926b265b50590dd53cf4e061ea971323a9de2eca9", kill_on_drop: false }`
[INFO] running `Command { std: "docker" "rm" "-f" "f74b7b25215eb6d4eedfd69926b265b50590dd53cf4e061ea971323a9de2eca9", kill_on_drop: false }`
[INFO] [stdout] f74b7b25215eb6d4eedfd69926b265b50590dd53cf4e061ea971323a9de2eca9
[INFO] running `Command { std: "docker" "create" "-v" "/var/lib/crater-agent-workspace/builds/worker-4-tc1/target:/opt/rustwide/target:rw,Z" "-v" "/var/lib/crater-agent-workspace/builds/worker-4-tc1/source:/opt/rustwide/workdir:ro,Z" "-v" "/var/lib/crater-agent-workspace/cargo-home:/opt/rustwide/cargo-home:ro,Z" "-v" "/var/lib/crater-agent-workspace/rustup-home:/opt/rustwide/rustup-home:ro,Z" "-e" "SOURCE_DIR=/opt/rustwide/workdir" "-e" "CARGO_TARGET_DIR=/opt/rustwide/target" "-e" "CARGO_INCREMENTAL=0" "-e" "RUST_BACKTRACE=full" "-e" "RUSTFLAGS=--cap-lints=forbid" "-e" "RUSTDOCFLAGS=--cap-lints=forbid" "-e" "CARGO_HOME=/opt/rustwide/cargo-home" "-e" "RUSTUP_HOME=/opt/rustwide/rustup-home" "-w" "/opt/rustwide/workdir" "-m" "1610612736" "--user" "0:0" "--network" "none" "ghcr.io/rust-lang/crates-build-env/linux@sha256:19e73879b68f455e41552ea35293514db52ea292d993f571636dbffedb77a1ee" "/opt/rustwide/cargo-home/bin/cargo" "+9610dfe5a9a731ced1ea4923ecbd0c57fe367898" "check" "--frozen" "--all" "--all-targets" "--message-format=json", kill_on_drop: false }`
[INFO] [stdout] 157c96e2aa7c090fbb09d6a7d2ec77c221ab03e88b715f73932975d7148cd558
[INFO] running `Command { std: "docker" "start" "-a" "157c96e2aa7c090fbb09d6a7d2ec77c221ab03e88b715f73932975d7148cd558", kill_on_drop: false }`
[INFO] [stderr]    Compiling typenum v1.12.0
[INFO] [stderr]    Compiling proc-macro2 v1.0.10
[INFO] [stderr]    Compiling unicode-xid v0.2.0
[INFO] [stderr]    Compiling cortex-m v0.6.2
[INFO] [stderr]     Checking stable_deref_trait v1.1.1
[INFO] [stderr]    Compiling syn v1.0.18
[INFO] [stderr]    Compiling byteorder v1.3.4
[INFO] [stderr]    Compiling bare-metal v0.2.5
[INFO] [stderr]     Checking vcell v0.1.2
[INFO] [stderr]    Compiling autocfg v1.0.0
[INFO] [stderr]     Checking volatile-register v0.2.0
[INFO] [stderr]    Compiling cortex-m-rt v0.6.12
[INFO] [stderr]     Checking r0 v0.2.2
[INFO] [stderr]    Compiling cast v0.2.3
[INFO] [stderr]     Checking nb v0.1.2
[INFO] [stderr]     Checking void v1.0.2
[INFO] [stderr]    Compiling cortex-m-semihosting v0.3.5
[INFO] [stderr]    Compiling heapless v0.5.5
[INFO] [stderr]    Compiling stm32f1 v0.11.0
[INFO] [stderr]    Compiling indexmap v1.3.2
[INFO] [stderr]     Checking hash32 v0.1.1
[INFO] [stderr]     Checking embedded-hal v0.2.3
[INFO] [stderr]    Compiling ssd1306 v0.3.1
[INFO] [stderr]    Compiling cortex-m-rtfm v0.5.1
[INFO] [stderr]     Checking embedded-graphics v0.6.2
[INFO] [stderr]    Compiling quote v1.0.3
[INFO] [stderr]     Checking rtfm-core v0.3.0
[INFO] [stderr]     Checking micromath v1.0.0
[INFO] [stderr]     Checking eurorack-oxide-utils v0.1.4
[INFO] [stderr]     Checking generic-array v0.13.2
[INFO] [stderr]     Checking generic-array v0.12.3
[INFO] [stderr]     Checking as-slice v0.1.3
[INFO] [stderr]     Checking aligned v0.3.2
[INFO] [stderr]     Checking panic-semihosting v0.5.3
[INFO] [stderr]    Compiling rtfm-syntax v0.4.0
[INFO] [stderr]    Compiling cortex-m-rt-macros v0.1.8
[INFO] [stderr]    Compiling cortex-m-rtfm-macros v0.5.0
[INFO] [stderr]     Checking stm32f1xx-hal v0.5.3 (https://github.com/stm32-rs/stm32f1xx-hal#3fd22e95)
[INFO] [stderr]     Checking oxide-dco v0.1.0 (/opt/rustwide/workdir)
[INFO] [stdout] error[E0432]: unresolved import `rtfm::cyccnt`
[INFO] [stdout]   --> src/main.rs:38:11
[INFO] [stdout]    |
[INFO] [stdout] 38 | use rtfm::cyccnt::{U32Ext, Instant};
[INFO] [stdout]    |           ^^^^^^ could not find `cyccnt` in `rtfm`
[INFO] [stdout] 
[INFO] [stdout] 
[INFO] [stdout] error[E0432]: unresolved import `rtfm::cyccnt`
[INFO] [stdout]   --> src/main.rs:38:11
[INFO] [stdout]    |
[INFO] [stdout] 38 | use rtfm::cyccnt::{U32Ext, Instant};
[INFO] [stdout]    |           ^^^^^^ could not find `cyccnt` in `rtfm`
[INFO] [stdout] 
[INFO] [stdout] 
[INFO] [stdout] warning: unused import: `cortex_m::peripheral::DWT`
[INFO] [stdout]  --> src/main.rs:9:5
[INFO] [stdout]   |
[INFO] [stdout] 9 | use cortex_m::peripheral::DWT;
[INFO] [stdout]   |     ^^^^^^^^^^^^^^^^^^^^^^^^^
[INFO] [stdout]   |
[INFO] [stdout]   = note: `#[warn(unused_imports)]` on by default
[INFO] [stdout] 
[INFO] [stdout] 
[INFO] [stdout] warning: unused import: `embedded_graphics::style::TextStyle`
[INFO] [stdout]   --> src/main.rs:35:5
[INFO] [stdout]    |
[INFO] [stdout] 35 | use embedded_graphics::style::TextStyle;
[INFO] [stdout]    |     ^^^^^^^^^^^^^^^^^^^^^^^^^^^^^^^^^^^
[INFO] [stdout] 
[INFO] [stdout] 
[INFO] [stdout] warning: unused import: `core::fmt::Binary`
[INFO] [stdout]   --> src/main.rs:40:5
[INFO] [stdout]    |
[INFO] [stdout] 40 | use core::fmt::Binary;
[INFO] [stdout]    |     ^^^^^^^^^^^^^^^^^
[INFO] [stdout] 
[INFO] [stdout] 
[INFO] [stdout] warning: unused import: `cortex_m::peripheral::DWT`
[INFO] [stdout]  --> src/main.rs:9:5
[INFO] [stdout]   |
[INFO] [stdout] 9 | use cortex_m::peripheral::DWT;
[INFO] [stdout]   |     ^^^^^^^^^^^^^^^^^^^^^^^^^
[INFO] [stdout]   |
[INFO] [stdout]   = note: `#[warn(unused_imports)]` on by default
[INFO] [stdout] 
[INFO] [stdout] 
[INFO] [stdout] warning: unused import: `embedded_graphics::style::TextStyle`
[INFO] [stdout]   --> src/main.rs:35:5
[INFO] [stdout]    |
[INFO] [stdout] 35 | use embedded_graphics::style::TextStyle;
[INFO] [stdout]    |     ^^^^^^^^^^^^^^^^^^^^^^^^^^^^^^^^^^^
[INFO] [stdout] 
[INFO] [stdout] 
[INFO] [stdout] warning: unused import: `core::fmt::Binary`
[INFO] [stdout]   --> src/main.rs:40:5
[INFO] [stdout]    |
[INFO] [stdout] 40 | use core::fmt::Binary;
[INFO] [stdout]    |     ^^^^^^^^^^^^^^^^^
[INFO] [stdout] 
[INFO] [stdout] 
[INFO] [stdout] error: language item required, but not found: `eh_personality`
[INFO] [stdout]   |
[INFO] [stdout]   = note: this can occur when a binary crate with `#![no_std]` is compiled for a target where `eh_personality` is defined in the standard library
[INFO] [stdout]   = help: you may be able to compile for a target that doesn't need `eh_personality`, specify a target with `--target` or in `.cargo/config`
[INFO] [stdout] 
[INFO] [stdout] 
[INFO] [stdout] error[E0152]: duplicate lang item in crate `std` (which `test` depends on): `panic_impl`.
[INFO] [stdout]   |
[INFO] [stdout]   = note: the lang item is first defined in crate `panic_semihosting` (which `oxide_dco` depends on)
[INFO] [stdout]   = note: first definition in `panic_semihosting` loaded from /opt/rustwide/target/debug/deps/libpanic_semihosting-becd1febf537e3c5.rmeta
[INFO] [stdout]   = note: second definition in `std` loaded from /opt/rustwide/rustup-home/toolchains/9610dfe5a9a731ced1ea4923ecbd0c57fe367898/lib/rustlib/x86_64-unknown-linux-gnu/lib/libstd-a8a9ba95b1228749.rlib
[INFO] [stdout] 
[INFO] [stdout] 
[INFO] [stdout] error: aborting due to 2 previous errors; 3 warnings emitted
[INFO] [stdout] 
[INFO] [stdout] 
[INFO] [stdout] For more information about this error, try `rustc --explain E0432`.
[INFO] [stdout] 
[INFO] [stdout] error: aborting due to 2 previous errors; 3 warnings emitted
[INFO] [stdout] 
[INFO] [stdout] 
[INFO] [stdout] Some errors have detailed explanations: E0152, E0432.
[INFO] [stdout] 
[INFO] [stdout] For more information about an error, try `rustc --explain E0152`.
[INFO] [stdout] 
[INFO] [stderr] error: could not compile `oxide-dco` (bin "oxide-dco") due to 3 previous errors; 3 warnings emitted
[INFO] [stderr] warning: build failed, waiting for other jobs to finish...
[INFO] [stderr] error: could not compile `oxide-dco` (bin "oxide-dco" test) due to 3 previous errors; 3 warnings emitted
[INFO] running `Command { std: "docker" "inspect" "157c96e2aa7c090fbb09d6a7d2ec77c221ab03e88b715f73932975d7148cd558", kill_on_drop: false }`
[INFO] running `Command { std: "docker" "rm" "-f" "157c96e2aa7c090fbb09d6a7d2ec77c221ab03e88b715f73932975d7148cd558", kill_on_drop: false }`
[INFO] [stdout] 157c96e2aa7c090fbb09d6a7d2ec77c221ab03e88b715f73932975d7148cd558
